 base 6.
4354455
What is -2a88649 (base 13) in base 9?
-27548418
Convert -31623316 (base 7) to base 8.
-12217707
46480a (base 11) to base 9
1344741
What is -112210020011221 (base 3) in base 13?
-1821925
What is -2357863 (base 12) in base 16?
-684d0b
157746 (base 9) to base 12
48566
What is -12c494 (base 13) in base 2?
-1101111001110011000
Convert a393 (base 13) to base 7.
122611
What is 1120435 (base 6) in base 14?
16bb1
What is -15242761 (base 8) in base 11?
-1a75091
Convert -e1d5 (base 16) to base 9.
-87266
Convert 1241443 (base 5) to base 8.
60057
What is -511251 (base 6) in base 10?
-40495
295c (base 15) to base 16
229e
Convert -1111011011100001011 (base 2) to base 16.
-7b70b
What is -33143001 (base 5) in base 4?
-1012020103
-961629 (base 10) to base 5
-221233004
What is -650022 (base 11) in base 6?
-34140355
1542363 (base 13) to base 10
6802500
114bc (base 14) to base 9
63678
Convert -11200012100222 (base 3) to base 7.
-30053621
Convert 1230284 (base 9) to base 12.
283504
Convert -135130025 (base 7) to base 5.
-4231111304
Convert -1220515 (base 6) to base 4.
-33313133
Convert 3732113 (base 8) to base 16.
fb44b
1a00 (base 12) to base 10
3168
What is 322312232 (base 4) in base 2?
111010110110101110
What is -24b1aa2 (base 13) in base 2?
-101011101101000111010100
-165a2 (base 12) to base 14
-b8dc
Convert 1166635 (base 7) to base 14.
3d18c
Convert 26ab8 (base 13) to base 3.
10122222001
Convert 1202001012012 (base 3) to base 12.
387a42
Convert 101001100100010110 (base 2) to base 15.
356ac
Convert -1001010000000010110 (base 2) to base 6.
-10255210
-19229 (base 15) to base 12
-3b1a9
What is 1111012021 (base 3) in base 7?
151300
What is 3421102 (base 5) in base 15?
1301c
-70a19 (base 13) to base 6
-4153303
Convert 111011001011011001 (base 2) to base 13.
86438
-11220001004 (base 5) to base 16
-c11efb
What is -11559ac (base 14) in base 7?
-130223405
77523 (base 11) to base 7
645540
1032002022 (base 6) to base 3
202201102121112
Convert 299c5 (base 13) to base 16.
132f1
What is 14211334120 (base 5) in base 6?
1455433410
5002505 (base 6) to base 15
49482
What is 278213 (base 10) in base 8?
1037305
What is -219834 (base 15) in base 11?
-9a433a
What is -100022101020 (base 3) in base 6?
-3532223
What is 8400173 (base 9) in base 10?
4487871
What is -10010001111011101101100 (base 2) in base 7?
-55434331
Convert -101211202101121 (base 3) to base 10.
-5762302
What is 3595 (base 13) in base 9?
11327
-185058 (base 13) to base 7
-5122605
-5271a (base 12) to base 11
-742a3
What is -2111213123 (base 5) in base 10?
-4397913
Convert 21c053 (base 13) to base 7.
6531206
Convert 844a0 (base 12) to base 11.
109394
54503 (base 11) to base 2
10011010100100001
What is 7a3 (base 16) in base 13?
b75
What is 250372 (base 10) in base 4?
331020010
Convert 1213021134 (base 5) to base 3.
12101100021100
15152252 (base 8) to base 5
1341243224
26668 (base 10) to base 16
682c
Convert -3334864 (base 9) to base 12.
-726787
-5160550 (base 8) to base 11
-855132
Convert 2144111 (base 5) to base 6.
445102
What is ca6473 (base 13) in base 4?
102020322012
Convert 103014224 (base 5) to base 10.
438689
Convert -13aa55 (base 11) to base 5.
-24011204
Convert 98923 (base 14) to base 13.
cc245
11202000010010 (base 3) to base 4
21213013110
1000a9 (base 13) to base 11
234076
What is -112322202 (base 6) in base 14?
-3c1a8a
What is -335334 (base 6) in base 15?
-8651
-1044420254 (base 6) to base 7
-166023145
What is 120202211 (base 4) in base 6?
2053205
217dd (base 16) to base 11
94080
Convert -40563414 (base 7) to base 14.
-644b7b
Convert -129c2 (base 16) to base 3.
-10212120012
4208643 (base 11) to base 14
db1dd5
-1001110110110111111 (base 2) to base 3
-121102002020
23ec4 (base 16) to base 10
147140
What is -1131002 (base 5) in base 15?
-6237
1413112011 (base 5) to base 6
210041143
11110011020 (base 3) to base 15
1ae49
What is 112113040 (base 6) in base 4?
13313210100
Convert 1375466 (base 8) to base 10.
391990
-1424004 (base 7) to base 9
-321063
-13030222013 (base 4) to base 9
-3485245
What is 523404 (base 6) in base 8?
122434
-1001011011101100101 (base 2) to base 15
-618b3
Convert 373b05a (base 12) to base 15.
e2e5c7
Convert -24400001 (base 5) to base 3.
-102202012212
-332212 (base 4) to base 3
-12111101
-11fcc (base 16) to base 11
-50399
Convert -10212001020 (base 3) to base 10.
-75849
What is 321002133 (base 4) in base 9?
385430
100010111001101010010111 (base 2) to base 7
140523462
What is 23b14 (base 14) in base 5?
10242423
-1044b (base 12) to base 2
-101001101111011
Convert 92663 (base 12) to base 16.
2ea2b
-164099 (base 13) to base 9
-1030548
What is 44805 (base 15) in base 3?
102001202212
What is -1242125 (base 6) in base 12?
-33345
What is 8a8327 (base 11) in base 16?
160fe2
What is -53200242 (base 6) in base 14?
-2c6b2a
Convert -13996752 (base 10) to base 2.
-110101011001001011010000
What is -210120101212 (base 3) in base 11?
-26aa94
-763a3 (base 14) to base 12
-1196a3
-376124b (base 12) to base 13
-232099a
What is 1233357 (base 9) in base 10?
671704
What is 157647 (base 8) in base 9?
86476
-10523532 (base 6) to base 12
-1365a8
Convert -10b74 (base 15) to base 9.
-80881
What is 1710317 (base 8) in base 13?
1448b3
What is 1125340 (base 6) in base 7?
331533
10210111111100 (base 3) to base 9
3714440
What is -160813 (base 10) in base 6?
-3240301
What is 28d0e1 (base 16) in base 12?
a8bb95
-4565a (base 12) to base 10
-92518
What is -22532032 (base 7) in base 5?
-1001134311
What is 55198 (base 16) in base 9?
581127
Convert -254555230 (base 6) to base 15.
-6891e6
-24363642 (base 7) to base 3
-11002221200210
-215401 (base 8) to base 14
-1c58d
What is -1514075 (base 8) in base 5?
-102312224
Convert -21003114 (base 7) to base 5.
-423001244
391008 (base 13) to base 2
101001111001111001101
Convert 410112215 (base 6) to base 2.
11010101110111011110011
Convert -20306 (base 9) to base 4.
-3100323
Convert 2112332212 (base 4) to base 5.
124242111
What is -11111100001111111 (base 2) in base 16?
-1f87f
-664006 (base 7) to base 13
-41113
-328a613 (base 12) to base 11
-5494470
1220122221101 (base 3) to base 11
635025
What is 17757162 (base 8) in base 4?
33331321302
What is -5416a8 (base 12) in base 5?
-320023244
Convert -11030133230 (base 4) to base 16.
-14c7ec
-2305648 (base 9) to base 16
-12fc2c
Convert 1010022030311 (base 4) to base 14.
2531713
Convert -2143311 (base 5) to base 3.
-1220012122
What is 281728 (base 11) in base 9?
742476
Convert -1542661 (base 7) to base 10.
-212311
Convert 440232 (base 6) to base 9.
54812
e7b9 (base 16) to base 7
334643
Convert -2aed60 (base 15) to base 8.
-7725201
What is 10000112221110 (base 3) in base 2?
110000111111001100000
What is 2622d (base 14) in base 5?
10444404
-103673022 (base 8) to base 10
-17790482
Convert 110210110222 (base 3) to base 16.
3d7cf
-110111100110010100 (base 2) to base 12
-ab958
Convert -7628a (base 13) to base 9.
-354850
dc180 (base 15) to base 6
22551550
382954 (base 10) to base 4
1131133222
-4010221 (base 12) to base 2
-101101101001001000111001
What is 12335320 (base 6) in base 8?
1420400
1424540 (base 6) to base 13
2b0a1
What is 1100011011101100101 (base 2) in base 5?
101014042
Convert -1234514 (base 7) to base 2.
-100111000101011110
What is -493642 (base 14) in base 11?
-14621a2
27a68ac (base 13) to base 3
212121202102021
a784d6 (base 15) to base 10
7976226
Convert 148192 (base 15) to base 6.
33111445
What is -1178314 (base 9) in base 10?
-642505
-109596 (base 10) to base 16
-1ac1c
What is -20120110100010 (base 3) in base 6?
-202510433
Convert -103003211032 (base 4) to base 5.
-2234323111
120400120 (base 5) to base 11
352325
What is -1ecf (base 16) in base 7?
-31665
Convert -336070 (base 11) to base 7.
-4356113
2102120222000 (base 3) to base 10
1291032
Convert 4753203 (base 8) to base 15.
1aa334
What is 200011221021 (base 3) in base 4?
1113120010
Convert -11002011102 (base 3) to base 12.
-3a585
35211 (base 8) to base 13
6a89
Convert -4ca5c (base 16) to base 6.
-10421244
Convert 3302100200 (base 4) to base 9.
1772142
What is 5292b7 (base 13) in base 2?
111011000001000011000
-122002120212 (base 3) to base 15
-69a82
What is 45035537 (base 8) in base 11?
5535739
-5504474 (base 9) to base 8
-13214755
What is 2732b7c (base 13) in base 16?
bc5d84
